{"id":773,"date":"2024-07-13T19:03:57","date_gmt":"2024-07-13T19:03:57","guid":{"rendered":"https:\/\/bambucentrodestetica.com\/index.php\/carrito\/"},"modified":"2024-07-21T17:05:21","modified_gmt":"2024-07-21T17:05:21","slug":"carrito","status":"publish","type":"page","link":"https:\/\/bambucentrodestetica.com\/index.php\/carrito\/","title":{"rendered":"Carrito"},"content":{"rendered":"<div data-block-name=\"woocommerce\/cart\" class=\"wp-block-woocommerce-cart alignwide is-loading\"><div data-block-name=\"woocommerce\/filled-cart-block\" class=\"wp-block-woocommerce-filled-cart-block\"><div data-block-name=\"woocommerce\/cart-items-block\" class=\"wp-block-woocommerce-cart-items-block\"><div data-block-name=\"woocommerce\/cart-line-items-block\" class=\"wp-block-woocommerce-cart-line-items-block\"><\/div>\n\n<div data-block-name=\"woocommerce\/cart-cross-sells-block\" class=\"wp-block-woocommerce-cart-cross-sells-block\"><h2 class=\"wp-block-heading has-large-font-size\">Puede que te interese\u2026<\/h2>\n\n<div data-block-name=\"woocommerce\/cart-cross-sells-products-block\" class=\"wp-block-woocommerce-cart-cross-sells-products-block\"><\/div><\/div><\/div>\n\n<div data-block-name=\"woocommerce\/cart-totals-block\" class=\"wp-block-woocommerce-cart-totals-block\"><div data-block-name=\"woocommerce\/cart-order-summary-block\" class=\"wp-block-woocommerce-cart-order-summary-block\"><div data-block-name=\"woocommerce\/cart-order-summary-heading-block\" class=\"wp-block-woocommerce-cart-order-summary-heading-block\"><\/div><div data-block-name=\"woocommerce\/cart-order-summary-coupon-form-block\" class=\"wp-block-woocommerce-cart-order-summary-coupon-form-block\"><\/div><div data-block-name=\"woocommerce\/cart-order-summary-totals-block\" class=\"wp-block-woocommerce-cart-order-summary-totals-block\">\n<div data-block-name=\"woocommerce\/cart-order-summary-subtotal-block\" class=\"wp-block-woocommerce-cart-order-summary-subtotal-block\"><\/div>\n<div data-block-name=\"woocommerce\/cart-order-summary-discount-block\" class=\"wp-block-woocommerce-cart-order-summary-discount-block\"><\/div>\n<div data-block-name=\"woocommerce\/cart-order-summary-fee-block\" class=\"wp-block-woocommerce-cart-order-summary-fee-block\"><\/div>\n<div data-block-name=\"woocommerce\/cart-order-summary-shipping-block\" class=\"wp-block-woocommerce-cart-order-summary-shipping-block\"><\/div>\n<div data-block-name=\"woocommerce\/cart-order-summary-taxes-block\" class=\"wp-block-woocommerce-cart-order-summary-taxes-block\"><\/div><\/div><\/div>\n\n<div data-block-name=\"woocommerce\/cart-express-payment-block\" class=\"wp-block-woocommerce-cart-express-payment-block\"><\/div>\n\n<div data-block-name=\"woocommerce\/proceed-to-checkout-block\" class=\"wp-block-woocommerce-proceed-to-checkout-block\"><\/div>\n\n<div data-block-name=\"woocommerce\/cart-accepted-payment-methods-block\" class=\"wp-block-woocommerce-cart-accepted-payment-methods-block\"><\/div><\/div><\/div>\n\n<div data-block-name=\"woocommerce\/empty-cart-block\" class=\"wp-block-woocommerce-empty-cart-block\"><h2 class=\"wp-block-heading has-text-align-center with-empty-cart-icon wc-block-cart__empty-cart__title\">\u00a1Tu carrito est\u00e1 actualmente vac\u00edo!<\/h2>\n\n<hr class=\"wp-block-separator has-alpha-channel-opacity is-style-dots\"\/>\n\n<h2 class=\"wp-block-heading has-text-align-center\">Nuevo en la tienda<\/h2>\n\n<div data-block-name=\"woocommerce\/product-new\" data-columns=\"4\" data-rows=\"1\" class=\"wc-block-grid wp-block-product-new wp-block-woocommerce-product-new wc-block-product-new has-4-columns\"><ul class=\"wc-block-grid__products\"><li class=\"wc-block-grid__product\">\n\t\t\t\t<a href=\"https:\/\/bambucentrodestetica.com\/index.php\/producto\/gift-cards\/\" class=\"wc-block-grid__product-link\">\n\t\t\t\t\t\n\t\t\t\t\t<div class=\"wc-block-grid__product-image\"><img fetchpriority=\"high\" decoding=\"async\" width=\"300\" height=\"300\" src=\"https:\/\/bambucentrodestetica.com\/wp-content\/uploads\/2025\/07\/gift-card-300x300.jpg\" class=\"attachment-woocommerce_thumbnail size-woocommerce_thumbnail\" alt=\"Gift Cards\" srcset=\"https:\/\/bambucentrodestetica.com\/wp-content\/uploads\/2025\/07\/gift-card-300x300.jpg 300w, https:\/\/bambucentrodestetica.com\/wp-content\/uploads\/2025\/07\/gift-card-150x150.jpg 150w, https:\/\/bambucentrodestetica.com\/wp-content\/uploads\/2025\/07\/gift-card-100x100.jpg 100w\" sizes=\"(max-width: 300px) 100vw, 300px\" \/><\/div>\n\t\t\t\t\t<div class=\"wc-block-grid__product-title\">Gift Cards<\/div>\n\t\t\t\t<\/a>\n\t\t\t\t<div class=\"wc-block-grid__product-price price\"><span class=\"woocommerce-Price-amount amount\"><span class=\"woocommerce-Price-currencySymbol\">&#036;<\/span>30.000<\/span> &ndash; <span class=\"woocommerce-Price-amount amount\"><span class=\"woocommerce-Price-currencySymbol\">&#036;<\/span>100.000<\/span><\/div>\n\t\t\t\t\n\t\t\t\t<div class=\"wp-block-button wc-block-grid__product-add-to-cart\"><a href=\"https:\/\/bambucentrodestetica.com\/index.php\/producto\/gift-cards\/\" aria-label=\"Lee m\u00e1s sobre &ldquo;Gift Cards&rdquo;\" data-quantity=\"1\" data-product_id=\"1710\" data-product_sku=\"\" data-price=\"0\" rel=\"nofollow\" class=\"wp-block-button__link  add_to_cart_button\">Seleccionar importe<\/a><\/div>\n\t\t\t<\/li><li class=\"wc-block-grid__product\">\n\t\t\t\t<a href=\"https:\/\/bambucentrodestetica.com\/index.php\/producto\/producto\/\" class=\"wc-block-grid__product-link\">\n\t\t\t\t\t\n\t\t\t\t\t<div class=\"wc-block-grid__product-image\"><img decoding=\"async\" width=\"300\" height=\"300\" src=\"https:\/\/bambucentrodestetica.com\/wp-content\/uploads\/2025\/07\/default-giftcard-main-image-300x300.jpg\" class=\"attachment-woocommerce_thumbnail size-woocommerce_thumbnail\" alt=\"Producto\" srcset=\"https:\/\/bambucentrodestetica.com\/wp-content\/uploads\/2025\/07\/default-giftcard-main-image-300x300.jpg 300w, https:\/\/bambucentrodestetica.com\/wp-content\/uploads\/2025\/07\/default-giftcard-main-image-150x150.jpg 150w, https:\/\/bambucentrodestetica.com\/wp-content\/uploads\/2025\/07\/default-giftcard-main-image-100x100.jpg 100w\" sizes=\"(max-width: 300px) 100vw, 300px\" \/><\/div>\n\t\t\t\t\t<div class=\"wc-block-grid__product-title\">Producto<\/div>\n\t\t\t\t<\/a>\n\t\t\t\t<div class=\"wc-block-grid__product-price price\"><\/div>\n\t\t\t\t\n\t\t\t\t<div class=\"wp-block-button wc-block-grid__product-add-to-cart\"><a href=\"https:\/\/bambucentrodestetica.com\/index.php\/producto\/producto\/\" aria-label=\"Lee m\u00e1s sobre &ldquo;Producto&rdquo;\" data-quantity=\"1\" data-product_id=\"1703\" data-product_sku=\"\" data-price=\"0\" rel=\"nofollow\" class=\"wp-block-button__link  add_to_cart_button\">Seleccionar importe<\/a><\/div>\n\t\t\t<\/li><li class=\"wc-block-grid__product\">\n\t\t\t\t<a href=\"https:\/\/bambucentrodestetica.com\/index.php\/producto\/super-facial-hydrapeeling\/\" class=\"wc-block-grid__product-link\">\n\t\t\t\t\t\n\t\t\t\t\t<div class=\"wc-block-grid__product-image\"><img decoding=\"async\" width=\"300\" height=\"300\" src=\"https:\/\/bambucentrodestetica.com\/wp-content\/uploads\/2025\/07\/SUPER-FACIAL-300x300.jpg\" class=\"attachment-woocommerce_thumbnail size-woocommerce_thumbnail\" alt=\"SUPER FACIAL Hydrapeeling\" srcset=\"https:\/\/bambucentrodestetica.com\/wp-content\/uploads\/2025\/07\/SUPER-FACIAL-300x300.jpg 300w, https:\/\/bambucentrodestetica.com\/wp-content\/uploads\/2025\/07\/SUPER-FACIAL-150x150.jpg 150w, https:\/\/bambucentrodestetica.com\/wp-content\/uploads\/2025\/07\/SUPER-FACIAL-100x100.jpg 100w\" sizes=\"(max-width: 300px) 100vw, 300px\" \/><\/div>\n\t\t\t\t\t<div class=\"wc-block-grid__product-title\">SUPER FACIAL Hydrapeeling<\/div>\n\t\t\t\t<\/a>\n\t\t\t\t<div class=\"wc-block-grid__product-price price\"><span class=\"woocommerce-Price-amount amount\"><span class=\"woocommerce-Price-currencySymbol\">&#036;<\/span>30.000<\/span><\/div>\n\t\t\t\t\n\t\t\t\t<div class=\"wp-block-button wc-block-grid__product-add-to-cart\"><a href=\"?add-to-cart=1695\" aria-label=\"A\u00f1adir al carrito: &ldquo;SUPER FACIAL Hydrapeeling&rdquo;\" data-quantity=\"1\" data-product_id=\"1695\" data-product_sku=\"\" data-price=\"30000\" rel=\"nofollow\" class=\"wp-block-button__link  add_to_cart_button ajax_add_to_cart\">A\u00f1adir al carrito<\/a><\/div>\n\t\t\t<\/li><li class=\"wc-block-grid__product\">\n\t\t\t\t<a href=\"https:\/\/bambucentrodestetica.com\/index.php\/producto\/pack-reduccion\/\" class=\"wc-block-grid__product-link\">\n\t\t\t\t\t\n\t\t\t\t\t<div class=\"wc-block-grid__product-image\"><img loading=\"lazy\" decoding=\"async\" width=\"300\" height=\"300\" src=\"https:\/\/bambucentrodestetica.com\/wp-content\/uploads\/2025\/07\/PACK-REDUCCION-300x300.jpg\" class=\"attachment-woocommerce_thumbnail size-woocommerce_thumbnail\" alt=\"PACK REDUCCI\u00d3N\" srcset=\"https:\/\/bambucentrodestetica.com\/wp-content\/uploads\/2025\/07\/PACK-REDUCCION-300x300.jpg 300w, https:\/\/bambucentrodestetica.com\/wp-content\/uploads\/2025\/07\/PACK-REDUCCION-150x150.jpg 150w, https:\/\/bambucentrodestetica.com\/wp-content\/uploads\/2025\/07\/PACK-REDUCCION-100x100.jpg 100w\" sizes=\"(max-width: 300px) 100vw, 300px\" \/><\/div>\n\t\t\t\t\t<div class=\"wc-block-grid__product-title\">PACK REDUCCI\u00d3N<\/div>\n\t\t\t\t<\/a>\n\t\t\t\t<div class=\"wc-block-grid__product-price price\"><span class=\"woocommerce-Price-amount amount\"><span class=\"woocommerce-Price-currencySymbol\">&#036;<\/span>65.000<\/span><\/div>\n\t\t\t\t\n\t\t\t\t<div class=\"wp-block-button wc-block-grid__product-add-to-cart\"><a href=\"?add-to-cart=1693\" aria-label=\"A\u00f1adir al carrito: &ldquo;PACK REDUCCI\u00d3N&rdquo;\" data-quantity=\"1\" data-product_id=\"1693\" data-product_sku=\"\" data-price=\"65000\" rel=\"nofollow\" class=\"wp-block-button__link  add_to_cart_button ajax_add_to_cart\">A\u00f1adir al carrito<\/a><\/div>\n\t\t\t<\/li><\/ul><\/div><\/div><\/div>","protected":false},"excerpt":{"rendered":"","protected":false},"author":1,"featured_media":0,"parent":0,"menu_order":0,"comment_status":"closed","ping_status":"closed","template":"","meta":{"site-sidebar-layout":"default","site-content-layout":"","ast-site-content-layout":"","site-content-style":"default","site-sidebar-style":"default","ast-global-header-display":"","ast-banner-title-visibility":"","ast-main-header-display":"","ast-hfb-above-header-display":"","ast-hfb-below-header-display":"","ast-hfb-mobile-header-display":"","site-post-title":"","ast-breadcrumbs-content":"","ast-featured-img":"","footer-sml-layout":"","theme-transparent-header-meta":"","adv-header-id-meta":"","stick-header-meta":"","header-above-stick-meta":"","header-main-stick-meta":"","header-below-stick-meta":"","astra-migrate-meta-layouts":"default","ast-page-background-enabled":"default","ast-page-background-meta":{"desktop":{"background-color":"var(--ast-global-color-4)","background-image":"","background-repeat":"repeat","background-position":"center center","background-size":"auto","background-attachment":"scroll","background-type":"","background-media":"","overlay-type":"","overlay-color":"","overlay-opacity":"","overlay-gradient":""},"tablet":{"background-color":"","background-image":"","background-repeat":"repeat","background-position":"center center","background-size":"auto","background-attachment":"scroll","background-type":"","background-media":"","overlay-type":"","overlay-color":"","overlay-opacity":"","overlay-gradient":""},"mobile":{"background-color":"","background-image":"","background-repeat":"repeat","background-position":"center center","background-size":"auto","background-attachment":"scroll","background-type":"","background-media":"","overlay-type":"","overlay-color":"","overlay-opacity":"","overlay-gradient":""}},"ast-content-background-meta":{"desktop":{"background-color":"var(--ast-global-color-5)","background-image":"","background-repeat":"repeat","background-position":"center center","background-size":"auto","background-attachment":"scroll","background-type":"","background-media":"","overlay-type":"","overlay-color":"","overlay-opacity":"","overlay-gradient":""},"tablet":{"background-color":"var(--ast-global-color-5)","background-image":"","background-repeat":"repeat","background-position":"center center","background-size":"auto","background-attachment":"scroll","background-type":"","background-media":"","overlay-type":"","overlay-color":"","overlay-opacity":"","overlay-gradient":""},"mobile":{"background-color":"var(--ast-global-color-5)","background-image":"","background-repeat":"repeat","background-position":"center center","background-size":"auto","background-attachment":"scroll","background-type":"","background-media":"","overlay-type":"","overlay-color":"","overlay-opacity":"","overlay-gradient":""}},"_joinchat":[],"footnotes":""},"class_list":["post-773","page","type-page","status-publish","hentry"],"yoast_head":"<!-- This site is optimized with the Yoast SEO plugin v25.6 - https:\/\/yoast.com\/wordpress\/plugins\/seo\/ -->\n<title>Carrito - Bamb\u00fa centro de est\u00e9tica<\/title>\n<meta name=\"robots\" content=\"index, follow, max-snippet:-1, max-image-preview:large, max-video-preview:-1\" \/>\n<link rel=\"canonical\" href=\"https:\/\/bambucentrodestetica.com\/index.php\/carrito\/\" \/>\n<meta property=\"og:locale\" content=\"es_ES\" \/>\n<meta property=\"og:type\" content=\"article\" \/>\n<meta property=\"og:title\" content=\"Carrito - Bamb\u00fa centro de est\u00e9tica\" \/>\n<meta property=\"og:url\" content=\"https:\/\/bambucentrodestetica.com\/index.php\/carrito\/\" \/>\n<meta property=\"og:site_name\" content=\"Bamb\u00fa centro de est\u00e9tica\" \/>\n<meta property=\"article:publisher\" content=\"https:\/\/www.facebook.com\/esteticabambubambu\" \/>\n<meta property=\"article:modified_time\" content=\"2024-07-21T17:05:21+00:00\" \/>\n<meta property=\"og:image\" content=\"https:\/\/bambucentrodestetica.com\/wp-content\/uploads\/2021\/08\/LOGO.png\" \/>\n\t<meta property=\"og:image:width\" content=\"800\" \/>\n\t<meta property=\"og:image:height\" content=\"361\" \/>\n\t<meta property=\"og:image:type\" content=\"image\/png\" \/>\n<meta name=\"twitter:card\" content=\"summary_large_image\" \/>\n<script type=\"application\/ld+json\" class=\"yoast-schema-graph\">{\"@context\":\"https:\/\/schema.org\",\"@graph\":[{\"@type\":\"WebPage\",\"@id\":\"https:\/\/bambucentrodestetica.com\/index.php\/carrito\/\",\"url\":\"https:\/\/bambucentrodestetica.com\/index.php\/carrito\/\",\"name\":\"Carrito - Bamb\u00fa centro de est\u00e9tica\",\"isPartOf\":{\"@id\":\"https:\/\/bambucentrodestetica.com\/#website\"},\"datePublished\":\"2024-07-13T19:03:57+00:00\",\"dateModified\":\"2024-07-21T17:05:21+00:00\",\"breadcrumb\":{\"@id\":\"https:\/\/bambucentrodestetica.com\/index.php\/carrito\/#breadcrumb\"},\"inLanguage\":\"es\",\"potentialAction\":[{\"@type\":\"ReadAction\",\"target\":[\"https:\/\/bambucentrodestetica.com\/index.php\/carrito\/\"]}]},{\"@type\":\"BreadcrumbList\",\"@id\":\"https:\/\/bambucentrodestetica.com\/index.php\/carrito\/#breadcrumb\",\"itemListElement\":[{\"@type\":\"ListItem\",\"position\":1,\"name\":\"Portada\",\"item\":\"https:\/\/bambucentrodestetica.com\/\"},{\"@type\":\"ListItem\",\"position\":2,\"name\":\"Carrito\"}]},{\"@type\":\"WebSite\",\"@id\":\"https:\/\/bambucentrodestetica.com\/#website\",\"url\":\"https:\/\/bambucentrodestetica.com\/\",\"name\":\"Bamb\u00fa centro de est\u00e9tica\",\"description\":\"Medicina est\u00e9tica - Dermapen - Est\u00e9tica corporal - Masajes - cejas - pesta\u00f1as . Masajes  - Cosmetologia y mucho m\u00e1s.\",\"publisher\":{\"@id\":\"https:\/\/bambucentrodestetica.com\/#organization\"},\"potentialAction\":[{\"@type\":\"SearchAction\",\"target\":{\"@type\":\"EntryPoint\",\"urlTemplate\":\"https:\/\/bambucentrodestetica.com\/?s={search_term_string}\"},\"query-input\":{\"@type\":\"PropertyValueSpecification\",\"valueRequired\":true,\"valueName\":\"search_term_string\"}}],\"inLanguage\":\"es\"},{\"@type\":\"Organization\",\"@id\":\"https:\/\/bambucentrodestetica.com\/#organization\",\"name\":\"Centro de est\u00e9tica Bamb\u00fa\",\"url\":\"https:\/\/bambucentrodestetica.com\/\",\"logo\":{\"@type\":\"ImageObject\",\"inLanguage\":\"es\",\"@id\":\"https:\/\/bambucentrodestetica.com\/#\/schema\/logo\/image\/\",\"url\":\"http:\/\/bambucentrodestetica.com\/wp-content\/uploads\/2021\/08\/LOGO.png\",\"contentUrl\":\"http:\/\/bambucentrodestetica.com\/wp-content\/uploads\/2021\/08\/LOGO.png\",\"width\":800,\"height\":361,\"caption\":\"Centro de est\u00e9tica Bamb\u00fa\"},\"image\":{\"@id\":\"https:\/\/bambucentrodestetica.com\/#\/schema\/logo\/image\/\"},\"sameAs\":[\"https:\/\/www.facebook.com\/esteticabambubambu\",\"https:\/\/www.instagram.com\/bambucentro\/?hl=es\"]}]}<\/script>\n<!-- \/ Yoast SEO plugin. -->","yoast_head_json":{"title":"Carrito - Bamb\u00fa centro de est\u00e9tica","robots":{"index":"index","follow":"follow","max-snippet":"max-snippet:-1","max-image-preview":"max-image-preview:large","max-video-preview":"max-video-preview:-1"},"canonical":"https:\/\/bambucentrodestetica.com\/index.php\/carrito\/","og_locale":"es_ES","og_type":"article","og_title":"Carrito - Bamb\u00fa centro de est\u00e9tica","og_url":"https:\/\/bambucentrodestetica.com\/index.php\/carrito\/","og_site_name":"Bamb\u00fa centro de est\u00e9tica","article_publisher":"https:\/\/www.facebook.com\/esteticabambubambu","article_modified_time":"2024-07-21T17:05:21+00:00","og_image":[{"width":800,"height":361,"url":"https:\/\/bambucentrodestetica.com\/wp-content\/uploads\/2021\/08\/LOGO.png","type":"image\/png"}],"twitter_card":"summary_large_image","schema":{"@context":"https:\/\/schema.org","@graph":[{"@type":"WebPage","@id":"https:\/\/bambucentrodestetica.com\/index.php\/carrito\/","url":"https:\/\/bambucentrodestetica.com\/index.php\/carrito\/","name":"Carrito - Bamb\u00fa centro de est\u00e9tica","isPartOf":{"@id":"https:\/\/bambucentrodestetica.com\/#website"},"datePublished":"2024-07-13T19:03:57+00:00","dateModified":"2024-07-21T17:05:21+00:00","breadcrumb":{"@id":"https:\/\/bambucentrodestetica.com\/index.php\/carrito\/#breadcrumb"},"inLanguage":"es","potentialAction":[{"@type":"ReadAction","target":["https:\/\/bambucentrodestetica.com\/index.php\/carrito\/"]}]},{"@type":"BreadcrumbList","@id":"https:\/\/bambucentrodestetica.com\/index.php\/carrito\/#breadcrumb","itemListElement":[{"@type":"ListItem","position":1,"name":"Portada","item":"https:\/\/bambucentrodestetica.com\/"},{"@type":"ListItem","position":2,"name":"Carrito"}]},{"@type":"WebSite","@id":"https:\/\/bambucentrodestetica.com\/#website","url":"https:\/\/bambucentrodestetica.com\/","name":"Bamb\u00fa centro de est\u00e9tica","description":"Medicina est\u00e9tica - Dermapen - Est\u00e9tica corporal - Masajes - cejas - pesta\u00f1as . Masajes  - Cosmetologia y mucho m\u00e1s.","publisher":{"@id":"https:\/\/bambucentrodestetica.com\/#organization"},"potentialAction":[{"@type":"SearchAction","target":{"@type":"EntryPoint","urlTemplate":"https:\/\/bambucentrodestetica.com\/?s={search_term_string}"},"query-input":{"@type":"PropertyValueSpecification","valueRequired":true,"valueName":"search_term_string"}}],"inLanguage":"es"},{"@type":"Organization","@id":"https:\/\/bambucentrodestetica.com\/#organization","name":"Centro de est\u00e9tica Bamb\u00fa","url":"https:\/\/bambucentrodestetica.com\/","logo":{"@type":"ImageObject","inLanguage":"es","@id":"https:\/\/bambucentrodestetica.com\/#\/schema\/logo\/image\/","url":"http:\/\/bambucentrodestetica.com\/wp-content\/uploads\/2021\/08\/LOGO.png","contentUrl":"http:\/\/bambucentrodestetica.com\/wp-content\/uploads\/2021\/08\/LOGO.png","width":800,"height":361,"caption":"Centro de est\u00e9tica Bamb\u00fa"},"image":{"@id":"https:\/\/bambucentrodestetica.com\/#\/schema\/logo\/image\/"},"sameAs":["https:\/\/www.facebook.com\/esteticabambubambu","https:\/\/www.instagram.com\/bambucentro\/?hl=es"]}]}},"_links":{"self":[{"href":"https:\/\/bambucentrodestetica.com\/index.php\/wp-json\/wp\/v2\/pages\/773"}],"collection":[{"href":"https:\/\/bambucentrodestetica.com\/index.php\/wp-json\/wp\/v2\/pages"}],"about":[{"href":"https:\/\/bambucentrodestetica.com\/index.php\/wp-json\/wp\/v2\/types\/page"}],"author":[{"embeddable":true,"href":"https:\/\/bambucentrodestetica.com\/index.php\/wp-json\/wp\/v2\/users\/1"}],"replies":[{"embeddable":true,"href":"https:\/\/bambucentrodestetica.com\/index.php\/wp-json\/wp\/v2\/comments?post=773"}],"version-history":[{"count":1,"href":"https:\/\/bambucentrodestetica.com\/index.php\/wp-json\/wp\/v2\/pages\/773\/revisions"}],"predecessor-version":[{"id":926,"href":"https:\/\/bambucentrodestetica.com\/index.php\/wp-json\/wp\/v2\/pages\/773\/revisions\/926"}],"wp:attachment":[{"href":"https:\/\/bambucentrodestetica.com\/index.php\/wp-json\/wp\/v2\/media?parent=773"}],"curies":[{"name":"wp","href":"https:\/\/api.w.org\/{rel}","templated":true}]}}