{"id":775,"date":"2024-07-13T19:03:57","date_gmt":"2024-07-13T19:03:57","guid":{"rendered":"https:\/\/bambucentrodestetica.com\/index.php\/mi-cuenta\/"},"modified":"2024-07-13T19:03:57","modified_gmt":"2024-07-13T19:03:57","slug":"mi-cuenta","status":"publish","type":"page","link":"https:\/\/bambucentrodestetica.com\/index.php\/mi-cuenta\/","title":{"rendered":"Mi cuenta"},"content":{"rendered":"<div class=\"woocommerce\"><\/div>","protected":false},"excerpt":{"rendered":"","protected":false},"author":1,"featured_media":0,"parent":0,"menu_order":0,"comment_status":"closed","ping_status":"closed","template":"","meta":{"site-sidebar-layout":"default","site-content-layout":"","ast-site-content-layout":"","site-content-style":"default","site-sidebar-style":"default","ast-global-header-display":"","ast-banner-title-visibility":"","ast-main-header-display":"","ast-hfb-above-header-display":"","ast-hfb-below-header-display":"","ast-hfb-mobile-header-display":"","site-post-title":"","ast-breadcrumbs-content":"","ast-featured-img":"","footer-sml-layout":"","theme-transparent-header-meta":"","adv-header-id-meta":"","stick-header-meta":"","header-above-stick-meta":"","header-main-stick-meta":"","header-below-stick-meta":"","astra-migrate-meta-layouts":"default","ast-page-background-enabled":"default","ast-page-background-meta":{"desktop":{"background-color":"var(--ast-global-color-4)","background-image":"","background-repeat":"repeat","background-position":"center center","background-size":"auto","background-attachment":"scroll","background-type":"","background-media":"","overlay-type":"","overlay-color":"","overlay-opacity":"","overlay-gradient":""},"tablet":{"background-color":"","background-image":"","background-repeat":"repeat","background-position":"center center","background-size":"auto","background-attachment":"scroll","background-type":"","background-media":"","overlay-type":"","overlay-color":"","overlay-opacity":"","overlay-gradient":""},"mobile":{"background-color":"","background-image":"","background-repeat":"repeat","background-position":"center center","background-size":"auto","background-attachment":"scroll","background-type":"","background-media":"","overlay-type":"","overlay-color":"","overlay-opacity":"","overlay-gradient":""}},"ast-content-background-meta":{"desktop":{"background-color":"var(--ast-global-color-5)","background-image":"","background-repeat":"repeat","background-position":"center center","background-size":"auto","background-attachment":"scroll","background-type":"","background-media":"","overlay-type":"","overlay-color":"","overlay-opacity":"","overlay-gradient":""},"tablet":{"background-color":"var(--ast-global-color-5)","background-image":"","background-repeat":"repeat","background-position":"center center","background-size":"auto","background-attachment":"scroll","background-type":"","background-media":"","overlay-type":"","overlay-color":"","overlay-opacity":"","overlay-gradient":""},"mobile":{"background-color":"var(--ast-global-color-5)","background-image":"","background-repeat":"repeat","background-position":"center center","background-size":"auto","background-attachment":"scroll","background-type":"","background-media":"","overlay-type":"","overlay-color":"","overlay-opacity":"","overlay-gradient":""}},"_joinchat":[],"footnotes":""},"class_list":["post-775","page","type-page","status-publish","hentry"],"yoast_head":"<!-- This site is optimized with the Yoast SEO plugin v25.6 - https:\/\/yoast.com\/wordpress\/plugins\/seo\/ -->\n<title>Mi cuenta - Bamb\u00fa centro de est\u00e9tica<\/title>\n<meta name=\"robots\" content=\"index, follow, max-snippet:-1, max-image-preview:large, max-video-preview:-1\" \/>\n<link rel=\"canonical\" href=\"https:\/\/bambucentrodestetica.com\/index.php\/mi-cuenta\/\" \/>\n<meta property=\"og:locale\" content=\"es_ES\" \/>\n<meta property=\"og:type\" content=\"article\" \/>\n<meta property=\"og:title\" content=\"Mi cuenta - Bamb\u00fa centro de est\u00e9tica\" \/>\n<meta property=\"og:url\" content=\"https:\/\/bambucentrodestetica.com\/index.php\/mi-cuenta\/\" \/>\n<meta property=\"og:site_name\" content=\"Bamb\u00fa centro de est\u00e9tica\" \/>\n<meta property=\"article:publisher\" content=\"https:\/\/www.facebook.com\/esteticabambubambu\" \/>\n<meta property=\"og:image\" content=\"https:\/\/bambucentrodestetica.com\/wp-content\/uploads\/2021\/08\/LOGO.png\" \/>\n\t<meta property=\"og:image:width\" content=\"800\" \/>\n\t<meta property=\"og:image:height\" content=\"361\" \/>\n\t<meta property=\"og:image:type\" content=\"image\/png\" \/>\n<meta name=\"twitter:card\" content=\"summary_large_image\" \/>\n<script type=\"application\/ld+json\" class=\"yoast-schema-graph\">{\"@context\":\"https:\/\/schema.org\",\"@graph\":[{\"@type\":\"WebPage\",\"@id\":\"https:\/\/bambucentrodestetica.com\/index.php\/mi-cuenta\/\",\"url\":\"https:\/\/bambucentrodestetica.com\/index.php\/mi-cuenta\/\",\"name\":\"Mi cuenta - Bamb\u00fa centro de est\u00e9tica\",\"isPartOf\":{\"@id\":\"https:\/\/bambucentrodestetica.com\/#website\"},\"datePublished\":\"2024-07-13T19:03:57+00:00\",\"breadcrumb\":{\"@id\":\"https:\/\/bambucentrodestetica.com\/index.php\/mi-cuenta\/#breadcrumb\"},\"inLanguage\":\"es\",\"potentialAction\":[{\"@type\":\"ReadAction\",\"target\":[\"https:\/\/bambucentrodestetica.com\/index.php\/mi-cuenta\/\"]}]},{\"@type\":\"BreadcrumbList\",\"@id\":\"https:\/\/bambucentrodestetica.com\/index.php\/mi-cuenta\/#breadcrumb\",\"itemListElement\":[{\"@type\":\"ListItem\",\"position\":1,\"name\":\"Portada\",\"item\":\"https:\/\/bambucentrodestetica.com\/\"},{\"@type\":\"ListItem\",\"position\":2,\"name\":\"Mi cuenta\"}]},{\"@type\":\"WebSite\",\"@id\":\"https:\/\/bambucentrodestetica.com\/#website\",\"url\":\"https:\/\/bambucentrodestetica.com\/\",\"name\":\"Bamb\u00fa centro de est\u00e9tica\",\"description\":\"Medicina est\u00e9tica - Dermapen - Est\u00e9tica corporal - Masajes - cejas - pesta\u00f1as . Masajes  - Cosmetologia y mucho m\u00e1s.\",\"publisher\":{\"@id\":\"https:\/\/bambucentrodestetica.com\/#organization\"},\"potentialAction\":[{\"@type\":\"SearchAction\",\"target\":{\"@type\":\"EntryPoint\",\"urlTemplate\":\"https:\/\/bambucentrodestetica.com\/?s={search_term_string}\"},\"query-input\":{\"@type\":\"PropertyValueSpecification\",\"valueRequired\":true,\"valueName\":\"search_term_string\"}}],\"inLanguage\":\"es\"},{\"@type\":\"Organization\",\"@id\":\"https:\/\/bambucentrodestetica.com\/#organization\",\"name\":\"Centro de est\u00e9tica Bamb\u00fa\",\"url\":\"https:\/\/bambucentrodestetica.com\/\",\"logo\":{\"@type\":\"ImageObject\",\"inLanguage\":\"es\",\"@id\":\"https:\/\/bambucentrodestetica.com\/#\/schema\/logo\/image\/\",\"url\":\"http:\/\/bambucentrodestetica.com\/wp-content\/uploads\/2021\/08\/LOGO.png\",\"contentUrl\":\"http:\/\/bambucentrodestetica.com\/wp-content\/uploads\/2021\/08\/LOGO.png\",\"width\":800,\"height\":361,\"caption\":\"Centro de est\u00e9tica Bamb\u00fa\"},\"image\":{\"@id\":\"https:\/\/bambucentrodestetica.com\/#\/schema\/logo\/image\/\"},\"sameAs\":[\"https:\/\/www.facebook.com\/esteticabambubambu\",\"https:\/\/www.instagram.com\/bambucentro\/?hl=es\"]}]}<\/script>\n<!-- \/ Yoast SEO plugin. -->","yoast_head_json":{"title":"Mi cuenta - Bamb\u00fa centro de est\u00e9tica","robots":{"index":"index","follow":"follow","max-snippet":"max-snippet:-1","max-image-preview":"max-image-preview:large","max-video-preview":"max-video-preview:-1"},"canonical":"https:\/\/bambucentrodestetica.com\/index.php\/mi-cuenta\/","og_locale":"es_ES","og_type":"article","og_title":"Mi cuenta - Bamb\u00fa centro de est\u00e9tica","og_url":"https:\/\/bambucentrodestetica.com\/index.php\/mi-cuenta\/","og_site_name":"Bamb\u00fa centro de est\u00e9tica","article_publisher":"https:\/\/www.facebook.com\/esteticabambubambu","og_image":[{"width":800,"height":361,"url":"https:\/\/bambucentrodestetica.com\/wp-content\/uploads\/2021\/08\/LOGO.png","type":"image\/png"}],"twitter_card":"summary_large_image","schema":{"@context":"https:\/\/schema.org","@graph":[{"@type":"WebPage","@id":"https:\/\/bambucentrodestetica.com\/index.php\/mi-cuenta\/","url":"https:\/\/bambucentrodestetica.com\/index.php\/mi-cuenta\/","name":"Mi cuenta - Bamb\u00fa centro de est\u00e9tica","isPartOf":{"@id":"https:\/\/bambucentrodestetica.com\/#website"},"datePublished":"2024-07-13T19:03:57+00:00","breadcrumb":{"@id":"https:\/\/bambucentrodestetica.com\/index.php\/mi-cuenta\/#breadcrumb"},"inLanguage":"es","potentialAction":[{"@type":"ReadAction","target":["https:\/\/bambucentrodestetica.com\/index.php\/mi-cuenta\/"]}]},{"@type":"BreadcrumbList","@id":"https:\/\/bambucentrodestetica.com\/index.php\/mi-cuenta\/#breadcrumb","itemListElement":[{"@type":"ListItem","position":1,"name":"Portada","item":"https:\/\/bambucentrodestetica.com\/"},{"@type":"ListItem","position":2,"name":"Mi cuenta"}]},{"@type":"WebSite","@id":"https:\/\/bambucentrodestetica.com\/#website","url":"https:\/\/bambucentrodestetica.com\/","name":"Bamb\u00fa centro de est\u00e9tica","description":"Medicina est\u00e9tica - Dermapen - Est\u00e9tica corporal - Masajes - cejas - pesta\u00f1as . Masajes  - Cosmetologia y mucho m\u00e1s.","publisher":{"@id":"https:\/\/bambucentrodestetica.com\/#organization"},"potentialAction":[{"@type":"SearchAction","target":{"@type":"EntryPoint","urlTemplate":"https:\/\/bambucentrodestetica.com\/?s={search_term_string}"},"query-input":{"@type":"PropertyValueSpecification","valueRequired":true,"valueName":"search_term_string"}}],"inLanguage":"es"},{"@type":"Organization","@id":"https:\/\/bambucentrodestetica.com\/#organization","name":"Centro de est\u00e9tica Bamb\u00fa","url":"https:\/\/bambucentrodestetica.com\/","logo":{"@type":"ImageObject","inLanguage":"es","@id":"https:\/\/bambucentrodestetica.com\/#\/schema\/logo\/image\/","url":"http:\/\/bambucentrodestetica.com\/wp-content\/uploads\/2021\/08\/LOGO.png","contentUrl":"http:\/\/bambucentrodestetica.com\/wp-content\/uploads\/2021\/08\/LOGO.png","width":800,"height":361,"caption":"Centro de est\u00e9tica Bamb\u00fa"},"image":{"@id":"https:\/\/bambucentrodestetica.com\/#\/schema\/logo\/image\/"},"sameAs":["https:\/\/www.facebook.com\/esteticabambubambu","https:\/\/www.instagram.com\/bambucentro\/?hl=es"]}]}},"_links":{"self":[{"href":"https:\/\/bambucentrodestetica.com\/index.php\/wp-json\/wp\/v2\/pages\/775"}],"collection":[{"href":"https:\/\/bambucentrodestetica.com\/index.php\/wp-json\/wp\/v2\/pages"}],"about":[{"href":"https:\/\/bambucentrodestetica.com\/index.php\/wp-json\/wp\/v2\/types\/page"}],"author":[{"embeddable":true,"href":"https:\/\/bambucentrodestetica.com\/index.php\/wp-json\/wp\/v2\/users\/1"}],"replies":[{"embeddable":true,"href":"https:\/\/bambucentrodestetica.com\/index.php\/wp-json\/wp\/v2\/comments?post=775"}],"version-history":[{"count":0,"href":"https:\/\/bambucentrodestetica.com\/index.php\/wp-json\/wp\/v2\/pages\/775\/revisions"}],"wp:attachment":[{"href":"https:\/\/bambucentrodestetica.com\/index.php\/wp-json\/wp\/v2\/media?parent=775"}],"curies":[{"name":"wp","href":"https:\/\/api.w.org\/{rel}","templated":true}]}}